, 3881
List the prime factors of 10973897.
11, 997627
List the prime factors of 208093312.
2, 7, 271, 857
What are the prime factors of 5420056163?
5420056163
List the prime factors of 6899192223.
3, 7, 11, 2549, 11717
List the prime factors of 294384182.
2, 41, 3590051
List the prime factors of 110965824.
2, 3, 383, 503
What are the prime factors of 208024127?
971, 214237
What are the prime factors of 18115188?
2, 3, 7, 13, 53, 313
List the prime factors of 2218323645.
3, 5, 71, 199, 1163
List the prime factors of 3778101114.
2, 3, 17, 37040207
What are the prime factors of 1190344171?
199, 5981629
What are the prime factors of 160260268?
2, 7, 613, 9337
List the prime factors of 3614074372.
2, 107, 2203, 3833
What are the prime factors of 17926658?
2, 911, 9839
List the prime factors of 109189273.
41, 2663153
What are the prime factors of 325512028?
2, 19, 31, 138163
What are the prime factors of 4985521846?
2, 2492760923
List the prime factors of 183460824.
2, 3, 911, 2797
What are the prime factors of 342933504?
2, 3, 6977
List the prime factors of 413928905.
5, 13, 6368137
What are the prime factors of 76594134?
2, 3, 79, 161591
What are the prime factors of 231770038?
2, 115885019
What are the prime factors of 1403257779?
3, 7, 11, 257, 7879
List the prime factors of 1680164061.
3, 560054687
List the prime factors of 268178.
2, 134089
What are the prime factors of 10191836?
2, 2547959
What are the prime factors of 71677427?
3823, 18749
List the prime factors of 154751336.
2, 59, 5557
List the prime factors of 62712767.
13, 73, 66083
List the prime factors of 362583103.
362583103
List the prime factors of 14901674.
2, 7450837
What are the prime factors of 158535066?
2, 3, 43, 614477
List the prime factors of 88193387.
43, 563, 3643
List the prime factors of 55696074.
2, 3, 7, 1326097
List the prime factors of 72316077.
3, 269, 89611
What are the prime factors of 6388163?
103, 109, 569
List the prime factors of 1271246650.
2, 5, 25424933
What are the prime factors of 6353577435?
3, 5, 423571829
What are the prime factors of 145509890?
2, 5, 2939, 4951
List the prime factors of 6748129994.
2, 8861, 380777
List the prime factors of 937813960.
2, 5, 23, 797, 1279
What are the prime factors of 256392744?
2, 3, 10683031
What are the prime factors of 31561577?
31561577
What are the prime factors of 518987671?
518987671
List the prime factors of 53290322.
2, 853, 31237
What are the prime factors of 73699127?
73699127
What are the prime factors of 26693126?
2, 283, 47161
List the prime factors of 238372694.
2, 7, 53, 103, 3119
What are the prime factors of 2106611329?
29671, 70999
List the prime factors of 3251882141.
3251882141
What are the prime factors of 35688777?
3, 3371, 3529
List the prime factors of 83196984.
2, 3, 13, 467, 571
What are the prime factors of 15703223?
17, 923719
List the prime factors of 41879878.
2, 20939939
List the prime factors of 641448581.
1033, 620957
List the prime factors of 4693753934.
2, 23, 293, 348253
List the prime factors of 288831417.
3, 7, 101, 136177
List the prime factors of 850031750.
2, 5, 3400127
What are the prime factors of 50312038?
2, 7, 19, 73, 2591
What are the prime factors of 300993065?
5, 23, 113797
List the prime factors of 761722835.
5, 107, 1423781
What are the prime factors of 121404168?
2, 3, 1686169
What are the prime factors of 279312373?
97, 2879509
What are the prime factors of 635491715?
5, 127098343
List the prime factors of 1177011310.
2, 5, 587, 200513
What are the prime factors of 125007676?
2, 31251919
What are the prime factors of 853464939?
3, 3011, 94483
List the prime factors of 7022504.
2, 277, 3169
What are the prime factors of 237466386?
2, 3, 31, 59, 7213
What are the prime factors of 102461428?
2, 89, 287813
List the prime factors of 2294739301.
2294739301
List the prime factors of 20424197.
20424197
What are the prime factors of 38965878?
2, 3, 7, 44179
List the prime factors of 157993851.
3, 3037, 17341
What are the prime factors of 73554458?
2, 36777229
List the prime factors of 198520408.
2, 24815051
List the prime factors of 64552491.
3, 41, 58313
List the prime factors of 966442030.
2, 5, 19, 739, 6883
What are the prime factors of 31993451?
7, 1049, 4357
What are the prime factors of 780836700?
2, 3, 5, 7, 71, 5237
List the prime factors of 123243907.
89, 229, 6047
What are the prime factors of 4105261128?
2, 3, 9803, 17449
List the prime factors of 58995510.
2, 3, 5, 7, 67, 599
List the prime factors of 372614734.
2, 186307367
List the prime factors of 47973228.
2, 3, 3997769
List the prime factors of 1351478218.
2, 43, 373, 42131
What are the prime factors of 2535906142?
2, 7, 11, 367, 4079
What are the prime factors of 522656070?
2, 3, 5, 17421869
What are the prime factors of 136541657?
7, 19, 29, 35401
List the prime factors of 366352522.
2, 137, 383, 3491
List the prime factors of 78080736.
2, 3, 227, 3583
What are the prime factors of 1093177934?
2, 103, 5306689
List the prime factors of 58536.
2, 3, 271
List the prime factors of 153432820.
2, 5, 17, 593, 761
List the prime factors of 271699430.
2, 5, 19, 73, 1031
What are the prime factors of 3400987466?
2, 181, 9394993
What are the prime factors of 2026993776?
2, 3, 17, 31, 227, 353
List the prime factors of 442945248.
2, 3, 1823, 2531
List the prime factors of 51881428.
2, 12970357
What are the prime factors of 56441442?
2, 3, 1009, 9323
List the prime factors of 127303492.
2, 367, 86719
What are the prime factors of 1729810558?
2, 7, 123557897
List the prime factors of 10483175.
5, 151, 2777
What are the prime factors of 38592873?
3, 11, 17, 23, 997
List the prime factors of 1482232280.
2, 5, 193, 191999
What are the prime factors of 94564619?
139, 680321
List the prime factors of 914347771.
17, 397, 135479
What are the prime factors of 2264022096?
2, 3, 7, 809, 8329
What are the prime factors of 1283437898?
2, 641718949
What are the prime factors of 14859399?
3, 4953133
What are the prime factors of 243876845?
5, 31, 1573399
List the prime factors of 27349732.
2, 97, 70489
What are the prime factors of 869423902?
2, 8539, 50909
What are the prime factors of 487836772?
2, 5839, 20887
List the prime factors of 254064934.
2, 53, 2396839
List the prime factors of 152439175.
5, 7, 821, 1061
List the prime factors of 4233673309.
19, 257, 867023
List the prime factors of 62359770.
2, 3, 5, 11, 41, 419
What are the prime factors of 412441332?
2, 3, 401, 85711
What are the prime factors of 1491879566?
2, 2711, 275153
What are the prime factors of 1063621874?
2, 7, 75972991
What are the prime factors of 112711879?
7, 37, 435181
What are the prime factors of 4445075454?
2, 3, 421, 1759729
List the prime factors of 3076026.
2, 3, 512671
What are the prime factors of 27340070?
2, 5, 2734007
What are the prime factors of 51863274?
2, 3, 19, 50549
List the prime factors of 2398393884.
2, 3, 199866157
List the prime factors of 1070127.
3, 118903
What are the prime factors of 2720737652?
2, 1297, 524429
List the prime factors of 23160890.
2, 5, 37, 62597
List the prime factors of 4982140281.
3, 73, 109, 113, 1847
List the prime factors of 653835812.
2, 7, 23, 43, 3373
List the prime factors of 4304700082.
2, 569, 3782689
List the prime factors of 177218342.
2, 7, 263, 48131
What are the prime factors of 49437596?
2, 13, 950723
List the prime factors of 13066636.
2, 11, 296969
List the prime factors of 298101587.
7, 42585941
What are the prime factors of 731263?
13, 4327
What are the prime factors of 34983331?
17, 113, 18211
List the prime factors of 536801468.
2, 7, 2738783
List the prime factors of 29839194.
2, 3, 7, 11, 21529
What are the prime factors of 273067106?
2, 13, 10502581
What are the prime factors of 174771031?
241, 443, 1637
What are the prime factors of 47132879?
191, 246769
What are the prime factors of 3815960266?
2, 19, 43, 307, 7607
List the prime factors of 362693433.
3, 43, 541, 5197
List the prime factors of 33624889.
19, 613, 2887
What are the prime factors of 2029386749?
13, 156106673
What are the prime factors of 744783304?
2, 881, 105673
What are the prime factors of 92474117?
1039, 89003
What are the prime factors of 145596673?
3079, 47287
List the prime factors of 171029051.
19, 457, 1